and t?
10
Suppose -5*m + m + 424 = 0. Suppose 0 = 5*y - m + 6. Calculate the greatest common divisor of 10 and y.
10
Let c(m) = -5*m**2 + 0*m**2 - m**3 + 3*m**2. Let b be c(-4). Suppose -3*s - 5*u = -u - 20, u + 14 = 4*s. Calculate the highest common factor of b and s.
4
Let c be (-6)/2*-1 - 0. Suppose 1 = -c*r + 25. Calculate the greatest common divisor of 72 and r.
8
Let m = 3 + 4. What is the highest common divisor of m and 49?
7
Let k(o) = -2*o + 3. Let t be k(-3). Suppose 0 = -0*s + s - 19. Let n be s/3 + (-3)/9. Calculate the greatest common factor of t and n.
3
Let m be (-21)/(-4) - 6/24. Suppose 3*p - p - 770 = -m*i, 0 = -3*p. Calculate the greatest common divisor of i and 22.
22
Let l(r) = -17*r**3 + r**2 - 1. Let p be l(-1). Suppose p + 43 = 4*m. Calculate the greatest common divisor of 6 and m.
3
Let c(t) = 5*t - 2. Let r be c(3). Let b be 654/15 + -5 + (-2)/(-5). Calculate the greatest common factor of b and r.
13
Let s be ((-2)/3)/(42/(-1197)). Let h(m) = 4*m - 1. Let i be h(5). What is the greatest common factor of i and s?
19
Let c be 119 + (-1 - (-2 - 1)). Suppose -11 = 2*w - 3*w. What is the greatest common factor of w and c?
11
Suppose 2*a + 29 = 3*a. Calculate the highest common factor of 58 and a.
29
Suppose 0 = 5*d + 117 + 18. Let v(c) = 3*c + 2. Let k be v(-2). Let x be (-210)/d + k/(-18). What is the greatest common factor of 8 and x?
8
Let s(p) = -7*p - 3. Let j be s(-10). Let a = j + 120. Calculate the highest common divisor of 17 and a.
17
Suppose 1 = -w + 17. Suppose 11*y + 26 = 114. What is the greatest common divisor of y and w?
8
Suppose 3 = j - 3. Suppose 2 = 3*z - 5*z. Let r be -2 - (z + 0) - -61. What is the highest common factor of j and r?
6
Suppose 0 = -20*r + 267 - 107. Calculate the highest common divisor of 104 and r.
8
Let z be (-2 + 3 - 2)*-15. What is the greatest common divisor of 105 and z?
15
Let v(k) = 0*k + 4 - k + k**2 + 4*k. Let b be v(-3). Suppose -4*a - n + 26 = n, -5*n = -4*a - 9. Calculate the highest common factor of a and b.
4
Let g be 1868/18 - (-4)/18. Suppose -15 = 3*u - 3. Let m = 17 + u. What is the greatest common divisor of m and g?
13
Let l = -63 + 69. Let i = -3 - -5. Suppose -162 = -3*w + 2*j, 3*j + 6 = i*w - 102. Calculate the highest common divisor of l and w.
6
Let d(s) = -s**2 - 12*s - 8. Let a be d(-8). Suppose 5 = -5*n + 3*x + 26, -a = -5*n + 2*x. What is the greatest common factor of 48 and n?
6
Let k be ((-2)/6)/(2/(-132)). Let n be (k/4)/((-5)/(-10)). What is the highest common factor of 88 and n?
11
Let w = 95 + 175. Calculate the highest common divisor of 108 and w.
54
Suppose -3*w + 8 = w. Suppose 0 = 8*m - 207 + 63. What is the highest common divisor of w and m?
2
Let z be 1157/52 + (27/(-12) - -2). Calculate the highest common factor of z and 33.
11
Let u = -32 + 53. What is the highest common divisor of u and 7?
7
Let j(r) = 38*r. Let u be j(-1). Let a = -23 - u. Let q = -4 + 7. Calculate the highest common divisor of q and a.
3
Let l(j) = -j**3 - 6*j**2 + 2*j + 6. Let a be l(-6). Let v be ((-63)/a)/(1/2). Let h be 2/(-5) - 74/(-10). What is the greatest common factor of v and h?
7
Suppose 8*w - 135 = 3*w. Calculate the highest common factor of 18 and w.
9
Let t = -39 + 75. Let c = 58 - t. Let j(z) = z**2 + 10. Let q be j(10). Calculate the highest common divisor of c and q.
22
Let z(c) = -c**3 - 2*c**2 + 5*c + 2. Let d be z(-3). Let x(j) = j**2 - 2*j - 4. Let m be x(d). What is the greatest common factor of m and 60?
20
Let j(b) = 15*b - 97. Let d be j(7). Suppose 0 = -3*a + 10 + 14. What is the greatest common divisor of d and a?
8
Let a(l) = 3*l. Let y be a(13). Calculate the greatest common factor of 13 and y.
13
Suppose -7*o + 6*o = -77. Calculate the highest common divisor of 7 and o.
7
Suppose -2 = 5*v + 8. Let r be v/7 + (-1278)/(-63). What is the greatest common factor of r and 30?
10
Suppose -3*v - 130 = -382. Calculate the highest common factor of 21 and v.
21
Suppose -v = 1 - 5. Suppose 0 = v*f + f. Suppose 0 = -3*x + n + 32, -3*n = -5*x - f + 52. Calculate the greatest common factor of 77 and x.
11
Suppose 5*y = -m + 20, 4*m = -5*y - 13 + 33. Suppose -38 + 22 = -y*t. Calculate the highest common factor of t and 10.
2
Let i be 1/(4/12) + -8. Let l be 39/3 - (-15)/i. Calculate the highest common factor of l and 30.
10
Suppose j - 308 = -3*j. Calculate the highest common divisor of j and 11.
11
Suppose 5*k - 28 = -2*d, -2*d + 0*k + 28 = -4*k. What is the greatest common factor of d and 70?
14
Let w = 73 - 72. Suppose 0*q - 3*q = -3. What is the highest common factor of w and q?
1
Let o = -2 - -3. Let c be 0 - (o + (1 - 55)). Let k = -32 + c. What is the highest common factor of 14 and k?
7
Let i(u) = 20*u**3 + u**2 - 4*u + 4. Let y be i(1). Calculate the greatest common factor of y and 3.
3
Let p(z) = -z**3 - 5*z**2 - 2*z + 10. Let m be p(-5). Calculate the highest common divisor of 220 and m.
20
Let p be (36/10)/(-3*2/(-15)). What is the highest common divisor of 6 and p?
3
Let w = 24 + -15. Let y = -243 - -475. Suppose 5*t - y = 173. What is the highest common factor of t and w?
9
Let c be (1/(15/(-264)))/(2/(-5)). Calculate the greatest common factor of 4 and c.
4
Let l = -2 + 5. Suppose l*d + 2*v = d + 214, -d + 110 = 2*v. Let x = d - -50. What is the highest common factor of x and 22?
22
Let v be (-32)/(-6)*18/(-4). Let l be (-604)/v - 2/12. Calculate the highest common factor of 10 and l.
5
Let t = -65 - -85. What is the greatest common divisor of 10 and t?
10
Let k(t) = t**2 + 11*t - 6. Let n be k(-10). Let d = 16 - n. Let o(r) = r**2 + 4*r + 4. Let l be o(-4). What is the greatest common divisor of l and d?
4
Suppose -5*p = -8*p + 24. Let j = 10 - 6. What is the highest common factor of j and p?
4
Suppose -2*i - 2*f + 87 - 11 = 0, 2*i - 5*f = 97. Calculate the highest common factor of 328 and i.
41
Suppose 5*t - 2*m + 0*m = 6, -4*t + 18 = 5*m. Suppose t*a + 18 = 4*u, 0*a - 4*a = -12. Calculate the highest common divisor of 3 and u.
3
Suppose -2 = -3*k + 4*f - 0*f, -4*f = 5*k - 46. Calculate the greatest common factor of k and 6.
6
Suppose 3*z - k = 4*z - 2, 0 = -z + 3*k + 2. What is the greatest common factor of z and 6?
2
Let q(l) = -2*l - 4. Let h be q(-3). Suppose -h*j = -4*o - 16, 2*j + 1 = -2*o + 17. Suppose 0 = 2*s - 41 - 7. What is the greatest common divisor of j and s?
8
Suppose -2*h - 5 = -69. Let m(k) = k + 16. Let p be m(0). What is the greatest common divisor of h and p?
16
Let s be 1/(4/18) - 1/2. Suppose -4*x = x - 180. Calculate the highest common factor of s and x.
4
Suppose -6*o = -0*o - 42. Calculate the greatest common divisor of 56 and o.
7
Let h = 11 - 4. What is the greatest common factor of h and 7?
7
Suppose -w + 4*n + 2 = -3, 0 = 2*w + 4*n + 2. Let t = w - -2. Suppose -6*b + 3*b - 2*c - 5 = 0, -2*b - t*c = 10. What is the greatest common divisor of b and 9?
1
Let v = 7 + -11. Let k be v/(3/((-27)/2)). Let d be -2 - ((-3 - 9) + 1). What is the highest common factor of k and d?
9
Suppose 5*y + 6 = 1, 0 = -5*g - 4*y + 296. Calculate the greatest common factor of g and 40.
20
Let x(y) = y**3 - 6*y**2 - 14*y + 5. Let v be x(8). Let n = 7 + -2. Suppose n = q + 3*r - 2, 2*q - 3*r = 14. Calculate the greatest common factor of q and v.
7
Let y be 2/((2 - 0)/2). Suppose 5*g = y*g + 75. Calculate the highest common factor of 10 and g.
5
Let s(t) = -27*t + 1. Let u be s(-2). Suppose -5*v + u + 5 = 0. What is the highest common divisor of v and 8?
4
Suppose -4*t + 10*f + 49 = 5*f, 4*f = -t - 14. Suppose 2*q - t = 26. Calculate the greatest common divisor of q and 112.
16
Let c = -3 - -24. What is the greatest common factor of c and 14?
7
Suppose -2*w = -w - q - 22, 0 = q + 2. Calculate the highest common factor of 50 and w.
10
Let n be (4/(-6))/(8/(-36)). What is the highest common factor of 3 and n?
3
Suppose 2*i + 1 = 3. Let d = -15 - -23. Calculate the greatest common factor of i and d.
1
Suppose -2*v = -6, 5*n + 6*v - 66 = 4*v. Let f be -160 - 5/(10/(-4)). Let o = f - -290. Calculate the highest common factor of n and o.
12
Let b be (-2 - 28/(-3))*3. Suppose 3*a + 1 = k + 6, -2*k - 3*a = -8. Let d be ((-1)/1 - k)/(-1). Calculate the highest common factor of d and b.
2
Suppose 0 = 3*l - 5*p + 3*p - 188, -p = 2*l - 123. Calcula